*2 + z. Let y be k(-1). Suppose -a = -1 - y. Is a prime?
False
Let p = 6 - 4. Let q(s) = 1 + 2*s - 3*s**p - 4 + s**3 + 0*s. Is q(4) a prime number?
False
Suppose -4*d - 20 = d. Is 2 + 4/(d/(-35)) a prime number?
True
Let a = -208 - -337. Suppose 19 = 4*d - a. Is d a composite number?
False
Let x(c) = -5*c**3 + 4*c**2 + 6*c + 8. Is x(-3) a prime number?
False
Let g = -51 - -143. Suppose 2*d - g = 798. Is d composite?
True
Let m = 610 - 399. Is m prime?
True
Let y(j) = 5*j**2 + j - 8. Let l be y(-5). Suppose -l - 243 = -5*g. Is g composite?
False
Suppose -3*r = -3*y + 48, 0 = y + 2*y - r - 58. Suppose 0 = 2*x - 3*x + y. Is x prime?
False
Let b = -3 + 8. Suppose 3*r = 0, 3*a = -0*r + b*r - 66. Let p = 56 + a. Is p a composite number?
True
Suppose 0 = 3*x - 454 - 1655. Is x a composite number?
True
Let k(b) = b**3 + b**2 + 74. Suppose 0*p = 2*p. Let q be k(p). Let u = 105 - q. Is u a composite number?
False
Let c = 3 - 1. Let v(p) = 19*p**3 + p**2 + 2*p - 3. Is v(c) a composite number?
False
Let v(z) = z**3 - 4*z**2 + 2*z + 1. Let j be v(2). Is 2954/j*3/(-2) a prime number?
False
Let n(u) = -15*u**3 + 3*u + 2. Let m be n(-2). Suppose -4*l + 2*g - 190 = -0*g, l - 3*g + 50 = 0. Let q = l + m. Is q a composite number?
True
Let z(x) = x**3 - 7*x - 6. Let r be z(-4). Let t be (-6)/(-33) - r/11. Suppose 3*b + 0*d - 141 = -t*d, 5*b - 249 = -2*d. Is b a prime number?
False
Let v(i) = 3*i**2 + 2*i. Let n be v(-5). Let s = -22 + n. Is s prime?
True
Let p(f) = 22*f**2 + 5*f + 2. Let x be p(-5). Let g = -342 + x. Suppose -m = -t - 50, 4*m + 3*t - g = 2*t. Is m a composite number?
False
Let j = 6 + -4. Suppose -4*o + 6 = j*v, 1 = 4*o + 5*v - 2. Suppose 5*q = 3*k - 256, -o*q + 52 = k + 3*q. Is k composite?
True
Let c(y) = 4*y**2 - y + 1. Let m be c(1). Suppose -m*g - 4*x + 92 = 0, -2*g = -3*x - 27 + 1. Is g a prime number?
True
Suppose 13*m - 223 = 10034. Is m a composite number?
True
Let a = 3 - -1. Suppose -14 = -4*l - 2, a*x + 2*l - 22 = 0. Suppose 3*c = -2*p + 27, 4*c - 5*p - 9 = x. Is c prime?
True
Suppose 11 = 5*d - 4. Let c = 18 - d. Is c a composite number?
True
Is 53/(2 - 1) + 2 prime?
False
Let m = 8 - 4. Suppose -m*f + 3 = -3*d - 2, 0 = -f + 3*d - 1. Suppose -f*c + 6 + 12 = 0. Is c a composite number?
True
Let u(l) = 111*l + 3. Is u(4) a prime number?
False
Suppose 3 = -2*o + 4*v - 3, -3*o - 18 = 3*v. Is (-2)/o + (-2765)/(-25) a prime number?
False
Let k(y) = -4*y. Let j be k(6). Is 4*14*(-3)/j a prime number?
True
Suppose -2*q - 165 = -67. Let k = 13 - 83. Let y = q - k. Is y prime?
False
Suppose 606 = 3*n - 114. Suppose 0*g - 2*g - n = -4*k, -3*k = g - 175. Is k a prime number?
True
Suppose 2*q - q = 0. Is (21 + q + 2)/1 a composite number?
False
Is 12 - (-2 - 0/(-1))/2 a composite number?
False
Suppose -3*t = -t - 652. Is t composite?
True
Let l(d) be the second derivative of -d**6/72 - d**5/15 - d**4/3 + d. Let m(u) be the third derivative of l(u). Is m(-7) prime?
False
Let i = 5 + -4. Let u(f) = 20*f + 1. Is u(i) a prime number?
False
Suppose -4*r + 457 + 547 = 0. Is r a prime number?
True
Let h(l) be the third derivative of -l**6/30 - l**5/20 + 5*l**4/24 - l**3/2 - l**2. Let d be h(-4). Suppose -3*s = 2*s - d. Is s a composite number?
False
Suppose -4*t - t = 0. Suppose 3*y - 83 - 532 = t. Is y prime?
False
Let h(r) = 1200*r - 7. Is h(2) a composite number?
False
Suppose -3*x - x = 0. Suppose -g + 2 = -x*g. Suppose 4*r + 200 = 3*m - r, -3*m = -g*r - 197. Is m prime?
False
Let c = -1 - -4. Suppose -j - c = 5. Is 2/(-4) - 156/j a composite number?
False
Let n = -42 + 5. Let t = n + 68. Is t composite?
False
Let a(s) = -s**2 - s + 60. Let c be a(0). Let l = c + -7. Is l composite?
False
Let l(j) = j**3 + j**2 - j + 113. Let z be 28/8 - (-3)/(-2). Suppose -z*p = -p. Is l(p) a composite number?
False
Suppose 6*s = 2*s + 2*h, 3*s + 5*h = 0. Suppose r + 4*r - 25 = s. Suppose -1305 = -r*k + 200. Is k a composite number?
True
Let b = 20 + -10. Suppose -11*m + b*m = -185. Is m composite?
True
Let b(d) = 746*d + 33. Is b(4) composite?
True
Suppose -1140 = 2*f - 3*a - 5071, 5*a = 5. Is f a prime number?
False
Let i = -2461 + 4410. Is i a composite number?
False
Let g(n) = 38*n - 1. Suppose -3 = 2*f - 4*i + 1, -3*f = 4*i - 24. Let w be g(f). Let p = -72 + w. Is p composite?
False
Let l(n) = -n**3 - 3*n**2 + 12. Let r be (-285)/55 - 2/(-11). Is l(r) composite?
True
Let b = 0 - 1. Let d be (b/2)/(1/(-10)). Let f = 14 - d. Is f prime?
False
Let a(p) = p**3 + 6*p**2 - 6*p + 9. Let r be a(-7). Is (25 - (-3)/3)/r composite?
False
Let h = 572 - -369. Is h a composite number?
False
Let g = 173 + -90. Is g composite?
False
Let z(x) = x**2 + 3*x - 2. Let k be z(-4). Suppose -k*f + 5*w + 273 = 0, -5*f - 4*w + 137 + 628 = 0. Is f a composite number?
False
Suppose -d - 36 = 3*d. Let y(f) = 2*f**2 + 11*f - 17. Let i(n) = n**2 + 5*n - 9. Let k(j) = -5*i(j) + 3*y(j). Is k(d) prime?
True
Suppose 5*x = -2*u - 0*x + 580, 3*u = -4*x + 863. Let c = 61 - u. Let g = c + 411. Is g prime?
False
Suppose 0*c = 2*c + 4. Let h = c + 0. Is (-1)/2 - 63/h a prime number?
True
Suppose 2*b + b - 45 = 0. Is b a prime number?
False
Let u be (-21)/35 + (-253)/(-5). Suppose -5*v - u + 725 = 5*f, 5*f = -2*v + 282. Is v a composite number?
False
Suppose n = -4*t + 127, 2*n + 3*n = t - 37. Suppose -9 = g - t. Is g a composite number?
False
Suppose 4*s = 2*k - 20, -s + 24 = 5*k + 2*s. Let r = 1 - 6. Is r/15 + 38/k a prime number?
False
Let y = 160 - 38. Is y composite?
True
Suppose -159 = -5*b + 4*q, -6*b + 82 = -4*b + 3*q. Is b a composite number?
True
Let f(y) = 11*y**3 - 3*y**2 - y + 1. Let d be f(-7). Is (d/(-36))/((-2)/(-3)) a composite number?
False
Suppose -5*r = -490 + 55. Is r composite?
True
Suppose 5*x = x + 3868. Is x a composite number?
False
Is (762/(-12))/((-1)/2) a composite number?
False
Suppose 1592 = 4*t - 5*k, -2*t + 2*k = -1024 + 230. Suppose -t = -7*j + 4*j. Is j a prime number?
True
Let a = 5 + -4. Is 23 - (a - (2 + -2)) composite?
True
Let q be -3 + (-6)/(-3) - 5263. Is q/(-21) - (-1)/3 a composite number?
False
Suppose -10 = -5*a - 0. Suppose -2*s = -3*r + 3706, 2*s - s - 2480 = -2*r. Is a/9 - r/(-18) a prime number?
False
Suppose -2*q + 25 = 95. Let n = -12 - 4. Let a = n - q. Is a a composite number?
False
Let c(z) = 4*z - 8. Let u be c(8). Suppose -3*o + 0 = -3*w - u, -4*o = 3*w - 60. Let a = -2 + o. Is a a prime number?
False
Let b = -452 + 823. Is b a composite number?
True
Let w(n) = -8*n - 3 + 3*n**2 - 10*n**2 + 2 - n**3. Is w(-6) a composite number?
False
Let b = 58 + 9. Is b a prime number?
True
Let o = -8 + 6. Let q be -1*o/(-3)*3. Is 19/(q*3/(-42)) a composite number?
True
Let c(v) = v**2 - 8*v + 15. Let g be c(6). Suppose -6*j + 1316 = -2*j + 4*o, 0 = g*j - 5*o - 1003. Is j prime?
True
Let y(c) be the second derivative of -c**5/20 + 7*c**4/12 + 4*c**3/3 + 9*c**2/2 + 4*c. Is y(7) a composite number?
True
Let b(y) = -3*y**3 - 6*y**2 - 6*y - 5. Is b(-4) a composite number?
True
Let h = 241 + -167. Is h a composite number?
True
Let q be -25 + (0 - 2/(-1)). Let v = q + 32. Let a = v - 3. Is a a composite number?
True
Let r(o) = 170*o + 1. Let g(s) = 339*s + 3. Let l(u) = -2*g(u) + 5*r(u). Let j be l(1). Suppose 0*k + k = 2*t - 58, 4*k = -5*t + j. Is t a composite number?
False
Suppose x - 2 + 27 = 0. Let b(g) = 3*g**3 - g**2 - 1. Let t be b(3). Let h = t + x. Is h a prime number?
False
Let y = 8 - 9. Is y*3/(3/(-23)) a composite number?
False
Suppose 70 = m + r, 0*r + 20 = -4*r. Let w = m - -84. Is w a prime number?
False
Let r be 6/(-21) - 430/14. Let h be (-1 + 2)/(4/(-208)). Let v = r - h. Is v composite?
True
Suppose -1 = -4*p + 7. Is ((-10)/30)/(p/(-2694)) a prime number?
True
Let m be -6*1*29/(-2). Let t = 146 - m. Is t a prime number?
True
Let z be 4/10*(-6 - 4). Let g = 4 + z. Suppose g = -3*m - i + 104, 0*i = -4*m + 4*i + 128. Is m prime?
False
Let q = -374 + 559. Is q a composite number?
True
Suppose -3 - 7 = -2*k. Let j be 5 + (-2 - -1 - 1). Suppose 0*v - 70 = -k*v + b, -j*v - 2*b = -42. Is v a composite number?
True
Let r(c) = 130*c - 3. Let u be r(3). Let a = -200 + u. Let v = a - 104. Is v composite?
False
Suppose 0 = 2*z - 6*z + 1028. Is z prime?
True
Is (-7*1)/(4/(-188)) a composite number?
True
Suppose 2*j = -s + 3089, 3*j - 5*s - 4722 = -108. I